t common divisor of s and 6.
6
Suppose -370 = -2*d + 7*d. Let g be -3 + 7 + (-1 - d). Let u be (-53)/(-5) - (-4)/10. Calculate the highest common divisor of u and g.
11
Let f be (-3)/((78/(-273))/((-2)/(-1))). Calculate the greatest common divisor of f and 63.
21
Let w(x) = -x**3 - 5*x**2 + 13*x - 2. Let c be w(-7). Suppose 5*b + j = -0*j + 304, c*b - 320 = -5*j. Calculate the greatest common factor of b and 12.
12
Let j = 11 - -40. What is the greatest common divisor of 9 and j?
3
Suppose 14*p - 10*p = 3*i - 10, i + 2*p = 10. What is the greatest common factor of i and 39?
3
Let h(j) be the first derivative of j**4/4 - 8*j**3/3 - 11*j**2/2 + 22*j - 4. Let c be h(9). What is the highest common factor of 2 and c?
2
Let d = 23 - -4. Let a = -23 + d. Calculate the highest common factor of 28 and a.
4
Suppose -47 = 7*n - 166. Let m = -15 + n. Suppose m*x - 4*l - 22 = -2*l, -2*x + 5*l = -31. What is the highest common factor of x and 72?
8
Let r = 464 + -370. Calculate the greatest common divisor of r and 658.
94
Let t(l) = -l**3 + 8*l**2 - 11*l + 63. Let h be t(7). What is the greatest common factor of 5 and h?
5
Let f = 346 - 276. What is the highest common factor of 315 and f?
35
Let w(h) = -53*h + 23. Let r be w(-3). Calculate the greatest common divisor of r and 52.
26
Let p be 236/2 - (-4)/2. Let q = -25 - -75. Let y = q + -20. What is the greatest common factor of y and p?
30
Let g = 104 - 100. Let h(x) = 24*x - 1. Let i be h(1). Suppose 0 = -q - q - d + i, g*d = -3*q + 32. Calculate the highest common factor of q and 84.
12
Suppose 39 = 3*c - 69. Suppose -1123 = 8*y + 237. Let v = 174 + y. Calculate the greatest common divisor of c and v.
4
Suppose -17*g + 63 = -8*g. Suppose 0 = -2*r + g*r - 55. What is the highest common factor of 1 and r?
1
Suppose -147 = -4*n + 161. Let b be (-144)/(-21)*2 + 22/n. Calculate the highest common divisor of 126 and b.
14
Suppose -4*o = -6*o + 16. Suppose 0 = o*h - h - 175. Calculate the highest common factor of h and 10.
5
Suppose -2*i = 3*g - 21, -5*g + 24 = 3*i - 10. Suppose i*j = j + 50. Calculate the highest common factor of 125 and j.
25
Suppose -k - k - 20 = -4*y, -y + 19 = -4*k. Suppose -s = y*s - 60. Calculate the highest common factor of 60 and s.
15
Suppose -2*o + 7*o = 80. Calculate the highest common divisor of o and 16.
16
Let k(m) = 6*m + 2. Let q be k(1). Suppose q*n - 9*n = -4. Suppose 5*t = 3*i - 127, -n*i + t + 150 = 4*t. What is the highest common factor of i and 26?
13
Let x(s) = 35*s. Let u be x(3). Suppose -31215*r + 231 = -31204*r. Calculate the highest common factor of u and r.
21
Let u be (-2)/(-6 + 71/12). What is the highest common divisor of u and 48?
24
Let m be 2/(-7) + 3 + 102/14. What is the highest common factor of 55 and m?
5
Let p be ((-3)/2)/((-11)/22). Suppose 0 = -7*n + p*n + 36. Calculate the highest common divisor of n and 9.
9
Suppose 0 = 2*v + l + 66, 10 = -4*v + l - 134. Let u = v + 52. Let y(b) = 2*b**2 - 25*b + 23. Let m be y(u). Calculate the greatest common divisor of 16 and m.
16
Suppose 2*p + p + 5*u - 187 = 0, -261 = -4*p + 5*u. What is the greatest common divisor of 832 and p?
64
Let p(l) = 12*l + 3. Let y = 21 + -19. Let v be p(y). What is the greatest common divisor of 9 and v?
9
Let j(a) be the first derivative of 2*a**3/3 + 13*a**2/2 - 11. Let k be j(-10). Calculate the greatest common divisor of 7 and k.
7
Suppose -4*s = -19*s + 630. Calculate the highest common factor of s and 7.
7
Suppose 3*t = 4*c - 8*c + 7, 3*c = 4*t - 26. Calculate the greatest common factor of 115 and t.
5
Suppose r - 174 = -15*v + 18*v, 0 = -5*r + 4*v + 925. Calculate the highest common divisor of r and 210.
21
Suppose -5*o + 70 + 46 = 2*g, -5*g = 3*o - 81. Calculate the greatest common factor of 2189 and o.
11
Let m be 4/(-2)*21/2. Let t = 37 + m. Let y = t + 6. Calculate the highest common divisor of 22 and y.
22
Let y be 28 - (-3 - (-1 + 4)). Let a = -29 - -17. Let z be (-2)/a*y*3. Calculate the highest common divisor of z and 136.
17
Let d be 10/4*(-1380)/(-50). Suppose -4*v - d + 205 = 0. Calculate the greatest common divisor of v and 17.
17
Suppose -292 - 23 = -15*j. What is the highest common factor of 357 and j?
21
Let c(f) = -f - 22. Let t be c(-18). Let n = 0 - t. Let j(a) = a**2 - 7*a - 10. Let m be j(9). Calculate the greatest common divisor of m and n.
4
Suppose 79*m = 80*m - 341. What is the highest common factor of 22 and m?
11
Let a be 7/3 + (-21)/((-630)/20). Calculate the highest common divisor of a and 27.
3
Let s = 25 - 25. Suppose -661 = -4*q - u + 2378, 2*q + 4*u - 1516 = s. Let l be (-1)/(3 - q/253). Calculate the highest common divisor of l and 23.
23
Let y = -12 + 37. Let l be 28/(-10) - (72/(-15) + 5). Let c be (l - -1 - -4)/(2/5). Calculate the greatest common factor of y and c.
5
Let c = 42 - 11. Let o = -355 - -510. Calculate the highest common divisor of c and o.
31
Let y be (-14)/(-28) - 9582/(-12). What is the greatest common divisor of 17 and y?
17
Suppose -2*f + 0*f + 630 = 0. Suppose f = 3*i + 42. Let d = i - 58. Calculate the greatest common factor of 22 and d.
11
Let o = 18 + -18. Suppose o = 6*t - 2*t - 16. Let y be ((-3)/t)/((-5)/80). Calculate the greatest common factor of 8 and y.
4
Suppose 108 + 54 = 3*z. What is the greatest common factor of 90 and z?
18
Let f = 889 + -882. What is the highest common divisor of 1141 and f?
7
Let s(q) = q**2 + q - 27. Let b be s(-7). Let t = -8 + 2. Let d(x) = -x**3 - 6*x**2 - 2*x + 3. Let v be d(t). Calculate the greatest common factor of v and b.
15
Let a(u) = 2*u**2 + 19*u + 9. Let g be a(-14). What is the highest common factor of 10 and g?
5
Suppose 7*y - 6*y = 0. Suppose y = -9*c + 1628 + 154. What is the greatest common divisor of 22 and c?
22
Let p be 6/3*(-21)/14. Let t be (16 - 10)*(-2 + (-11)/p). What is the highest common divisor of t and 10?
10
Let n(w) = w**3 + 8*w**2 + 8*w + 6. Let y(h) = -h**2 - 16*h - 6. Let g be y(-16). Let k be n(g). What is the highest common factor of k and 10?
10
Let k = -166 + 184. Suppose -z = -2*z + 9. What is the highest common factor of z and k?
9
Let n be 75/(-60) - 181/(-4). Let j be (n/3 - -3) + (-3)/(-9). Calculate the highest common factor of 2 and j.
2
Suppose 0 = 4*p + 20*p - 1632. Calculate the greatest common factor of p and 170.
34
Let s = -14 + 23. Suppose s = -8*c + 5*c. Let j(x) = -x + 3. Let q be j(c). What is the highest common factor of 18 and q?
6
Let a be 2/(-1) + (1 - -81). Suppose -f - 5*w + 70 = 0, 0 = -f + w + 4*w + a. Let m = 27 - -3. What is the greatest common divisor of m and f?
15
Let w be (3335/(-116))/(1/(-24)). Calculate the highest common divisor of 60 and w.
30
Let c be 3*(-3)/((-6)/2). Suppose 0 = c*r + 6*g - g - 31, -4*r + 18 = -5*g. Calculate the greatest common factor of r and 1.
1
Suppose 226 = 2*w + 4*d, -3*w + 2*d - 7*d + 335 = 0. Suppose 0 = 4*n + p + p - 110, 4*n + 3*p - w = 0. What is the highest common factor of 30 and n?
30
Let d be (-1 + 1 - 334)/(106/(-53)). What is the greatest common factor of 2 and d?
1
Suppose 1622 = 9*i - 3760. Calculate the greatest common divisor of i and 52.
26
Suppose q = 5*d - 5, 3*q - 4 = -3*d - d. Let j = 0 - q. Let o = 4 - j. What is the greatest common factor of 16 and o?
4
Suppose 20*t - 4881 = -1641. What is the highest common factor of 702 and t?
54
Let p be 6/(-4)*(-704)/(-48). Let d = 30 - p. What is the highest common factor of 39 and d?
13
Let a = -104 - -174. Let m = -30 + a. What is the greatest common divisor of 8 and m?
8
Let w be (-14)/(-2) - (-264)/6. Calculate the greatest common divisor of 136 and w.
17
Let d = 707 - 227. What is the highest common factor of d and 30?
30
Let n = 14 - -3. Suppose 0 = -2*h - 2*j + 7 + 1, -3*h - 2*j = -n. Suppose 0 = -2*r + h + 33. Calculate the highest common factor of 3 and r.
3
Let y(b) be the second derivative of 7*b**4/12 - b**3 + 15*b**2/2 + 9*b. Let f be y(3). Calculate the highest common factor of f and 24.
12
Let u = -10 - -14. Suppose -5*k + 8 + u = -3*y, 3*k - 12 = -3*y. Let h be (10/(-15))/(6/(-135)). Calculate the highest common factor of h and k.
3
Suppose -583 = -11*t - 495. What is the highest common divisor of 104 and t?
8
Suppose -2*j - 10 = -b + 3*j, -2*b + 35 = 5*j. Suppose -b = -2*c + 13. Suppose -5*n + 252 = n. What